umber?
False
Is 114671504427 composite?
True
Is 8062463359 a composite number?
False
Is 3140618567 a composite number?
True
Is 5279803357 a prime number?
True
Is 4943669077 composite?
True
Is 1049525619 a composite number?
True
Is 1421368189 composite?
True
Is 66029057 a composite number?
False
Is 317460167 composite?
False
Is 24005775449 a prime number?
True
Is 39611342261 a prime number?
True
Is 28447751 prime?
True
Is 460546547 composite?
True
Is 424048253 a prime number?
True
Is 2538700313 a composite number?
True
Is 302605813 prime?
False
Is 653855051 composite?
True
Is 42602062453 composite?
False
Is 1890085381 a prime number?
False
Is 1325764415 prime?
False
Is 1088615163 prime?
False
Is 1693519021 composite?
True
Is 295801157 a composite number?
True
Is 150647409869 a composite number?
True
Is 329571489479 a prime number?
True
Is 1364439899 composite?
False
Is 1343577931 composite?
True
Is 1836496786 composite?
True
Is 6090813997 prime?
False
Is 119128831 composite?
True
Is 6593480581 prime?
True
Is 42825646133 composite?
True
Is 157885289 prime?
True
Is 2585211553 a prime number?
False
Is 359164829 a composite number?
False
Is 1092093601 composite?
True
Is 17736366187 a composite number?
True
Is 13845184513 composite?
False
Is 40969297399 prime?
True
Is 1022075011 a composite number?
True
Is 32324561081 a composite number?
True
Is 17422812683 a prime number?
False
Is 810519995 composite?
True
Is 22326458437 composite?
False
Is 391185719 a prime number?
False
Is 1150450459 a prime number?
True
Is 7663604383 a prime number?
True
Is 11536013197 a composite number?
False
Is 67220201 prime?
False
Is 3564698503 composite?
True
Is 262147397 a prime number?
True
Is 3283726321 prime?
False
Is 15721360349 a prime number?
True
Is 9978177947 composite?
True
Is 192152520413 prime?
False
Is 173267256727 a prime number?
False
Is 5009506123 composite?
True
Is 59427597769 a prime number?
True
Is 269740609 prime?
True
Is 1457419133 prime?
True
Is 398325421 prime?
False
Is 1574948567 a prime number?
True
Is 1837671503 a composite number?
True
Is 29932776317 prime?
True
Is 281346197497 composite?
False
Is 59823219053 prime?
False
Is 7859297 prime?
True
Is 25026433249 a composite number?
False
Is 83416643717 prime?
False
Is 163619301221 prime?
True
Is 986059727 prime?
False
Is 947649613 a prime number?
False
Is 20848730263 a composite number?
False
Is 23209148069 a prime number?
False
Is 6750435749 composite?
False
Is 71864432533 prime?
True
Is 3151539361 composite?
True
Is 3020565913 composite?
False
Is 13391664161 a prime number?
True
Is 5834356679 a composite number?
True
Is 2938439849 a composite number?
False
Is 26726416573 composite?
False
Is 108551636603 composite?
True
Is 58350005551 prime?
True
Is 3096926081 a composite number?
True
Is 841872571 composite?
True
Is 109802108321 prime?
False
Is 1219486531 a prime number?
False
Is 55815387437 composite?
False
Is 6805653553 prime?
True
Is 6796819069 prime?
True
Is 76877902583 a prime number?
False
Is 24957447859 prime?
True
Is 94653375161 prime?
False
Is 1034614663 prime?
True
Is 137011106137 composite?
False
Is 131054447561 prime?
True
Is 11661711395 a composite number?
True
Is 1478244100195 composite?
True
Is 10252625057 a composite number?
False
Is 3302358877 composite?
False
Is 1974607387 a prime number?
True
Is 2895673153 composite?
False
Is 10070281169 composite?
True
Is 266861087759 a composite number?
True
Is 8517131141 prime?
True
Is 22029994841 a composite number?
False
Is 127836834287 prime?
True
Is 18382581181 a prime number?
False
Is 226848197305 composite?
True
Is 406693477 a prime number?
False
Is 300725123 a prime number?
False
Is 2736722011 a composite number?
False
Is 3953941829 a prime number?
True
Is 22376739053 a composite number?
True
Is 12471322241 prime?
False
Is 800585791 a composite number?
True
Is 107148857953 composite?
True
Is 1117486751 a composite number?
False
Is 3380695639 a composite number?
False
Is 935701441 prime?
False
Is 14122072201 a prime number?
False
Is 14533611745 a composite number?
True
Is 3464328683 a prime number?
True
Is 839461130229 composite?
True
Is 13833000479 a prime number?
True
Is 214268038 prime?
False
Is 9052948393 a prime number?
True
Is 19018214767 a composite number?
False
Is 309766085147 prime?
False
Is 8606506957 prime?
True
Is 24958881781 a prime number?
False
Is 57322571 composite?
True
Is 32230694 a prime number?
False
Is 800870167 a prime number?
True
Is 342045191 a composite number?
False
Is 4962745661 composite?
True
Is 16609777423 a composite number?
True
Is 126588251 composite?
True
Is 11091287551 prime?
False
Is 4888634131 a composite number?
False
Is 31202955079 a composite number?
True
Is 97163943347 prime?
True
Is 3803810669 a composite number?
False
Is 1629841639 prime?
True
Is 1315594883 composite?
False
Is 2199352681 composite?
False
Is 1907011013 composite?
False
Is 259093142429 a prime number?
False
Is 11890850593 a composite number?
False
Is 26697798131 prime?
False
Is 349501187806 prime?
False
Is 877671229 composite?
True
Is 11316699167 a composite number?
True
Is 94882361669 a composite number?
True
Is 12549698179 composite?
False
Is 659550977 a prime number?
True
Is 138554964617 composite?
False
Is 15547877599 a composite number?
False
Is 5709283729 a prime number?
True
Is 33008717 composite?
True
Is 1151275623 a prime number?
False
Is 3535120957 a prime number?
True
Is 2045307527 composite?
False
Is 1232957287 composite?
False
Is 506461163543 prime?
True
Is 5634994247 prime?
True
Is 3063414491 composite?
True
Is 5978241067 a composite number?
False
Is 5772613213 prime?
True
Is 43926943377 a composite number?
True
Is 14993800387 prime?
False
Is 1383849959 composite?
True
Is 17901564833 a composite number?
True
Is 53023391143 a composite number?
True
Is 100448794799 composite?
False
Is 462007213 a composite number?
False
Is 6113932051 composite?
False
Is 58417409 composite?
False
Is 3472554341 a prime number?
True
Is 166423 a composite number?
True
Is 1258791851 a prime number?
True
Is 1171162511 prime?
True
Is 4216545959 a prime number?
True
Is 34224855101 composite?
True
Is 4058550329 prime?
False
Is 301405747597 a composite number?
False
Is 5673236521 a prime number?
True
Is 3311214329 composite?
True
Is 1465880033 prime?
True
Is 4556998601 a prime number?
True
Is 9267248521 a composite number?
False
Is 7231829909 prime?
True
Is 166150220917 a composite number?
False
Is 367827563 composite?
True
Is 7878255929 a composite number?
True
Is 51714797411 composite?
False
Is 2451278171 a composite number?
False
Is 15660005527 a prime number?
False
Is 1365312887 a composite number?
True
Is 9913445785 composite?
True
Is 35249727893 composite?
True
Is 344961630269 prime?
True
Is 1404090439 a composite number?
False
Is 347644337 a prime number?
True
Is 17807236471 a prime number?
False
Is 8236860469 a prime number?
True
Is 235982029 prime?
True
Is 93607015889 composite?
True
Is 1532705041 a prime number?
False
Is 18859466167 a prime number?
True
Is 11869959229 a composite number?
True
Is 6787026823 prime?
False
Is 583501183 a composite number?
True
Is 370063231 composite?
True
Is 159769889 a composite number?
False
Is 1334414287 a composite number?
True
Is 2258139791 a composite number?
True
Is 1573723601 a composite number?
False
Is 78680561 a composite number?
False
Is 1282989007 a composite number?
False
Is 439378703 a composite number?
True
Is 77277894247 a prime number?
False
Is 48705063371 composite?
False
Is 84214620079 prime?
True
Is 9749518271 a prime number?
True
Is 87395389 composite?
False
Is 561690893 a composite number?
True
Is 12829111 prime?
False
Is 1048447858 a composite number?
True
Is 409362283 prime?
False
Is 805981061 a composite number?
True
Is 5321011873 prime?
True
Is 1868305757 a composite number?
True
Is 8228079011 composite?
False
Is 46118509901 prime?
True
Is 11143696702 prime?
False
Is 20478008041 a prime number?
False
Is 656653163 a prime number?
True
Is 344743573 composite?
True
Is 131961837047 composite?
True
Is 1996461799 a composite number?
True
Is 793368707 a composite number?
True
Is 2336814959 prime?
False
Is 324048561 a composite number?
True
Is 187363565 a prime number?
False
Is 232